he units digit of u(6)?
2
What is the tens digit of 1*36*2/4?
1
Let w(l) be the third derivative of l**4/24 - l**3/6 + 2*l**2. Let a be w(6). Suppose -2 = -4*m + 3*m, 0 = a*h + 2*m - 29. What is the units digit of h?
5
Let g = 0 + 0. Suppose 0 = -g*n + 4*n - 8. Suppose -n*j + 5 = -1. What is the units digit of j?
3
Suppose 2*j = 5*u + 9 + 91, 2*u - 176 = -4*j. What is the tens digit of j?
4
Let a = 20 + 33. What is the tens digit of a?
5
Let z be (-1 - 0)/(6/(-30)). Let o(i) = -i**2 + 8*i - 5. What is the tens digit of o(z)?
1
Let i(r) = -3*r**3 - 4*r**2 - 2*r - 3. Let m be i(-3). Let k be (1/(-2))/((-4)/m). Let f = k - -3. What is the units digit of f?
9
Suppose -4*t = 7*t - 264. What is the tens digit of t?
2
Suppose 0 = -2*s + 19 + 17. Suppose -5*a = -68 + s. What is the units digit of (-44)/(-5) - (-2)/a?
9
Suppose -88 = -4*h - 8. What is the tens digit of h?
2
Suppose -2 - 9 = -4*h - k, 2 = -h - 5*k. What is the units digit of ((-9)/3)/(h/(-2))?
2
Suppose 4*u = -2*y + 10 - 4, 3*y - u = -12. Let t(m) be the first derivative of m**4/4 + 5*m**3/3 + m**2 - m - 2. What is the units digit of t(y)?
1
Let h(o) = -5*o - 9. What is the tens digit of h(-4)?
1
Suppose -f = -8*f + 7. What is the units digit of f?
1
What is the units digit of (3/5)/(5/50)?
6
Let l(t) = -t + 5. Let p(h) = 3*h - 15. Let a(m) = -7*l(m) - 2*p(m). Let o be a(5). Suppose -5 = -z + 3*q, o*q - 9 = -z - q. What is the units digit of z?
8
Let c = 14 - 10. Suppose x = 5*s - 17, -c*s + 2 + 5 = -3*x. What is the units digit of (-1)/(-4) + 39/s?
0
Let t = 92 - 59. Suppose -2*w + 56 = -4*a, -w + 5*a = 2*a - t. What is the units digit of w?
8
Let x = 20 - 16. What is the units digit of x?
4
Let s(p) = 4*p - 3. Let u be s(7). What is the units digit of 1215/u - (-6)/(-10)?
8
Let t(m) = 4*m**2 + 196. What is the hundreds digit of t(0)?
1
Let a = 171 - 111. What is the units digit of (a/(-42))/(1/(-7))?
0
Let g(p) = p**2 + 8*p + 6. Let z be g(-8). Let c be 40/15 - 4/z. What is the tens digit of c*(-2 - -1) - -13?
1
Suppose -k + 0 = -f + 6, -3*f + 4*k + 20 = 0. Let j = f + -1. What is the units digit of (j + -1)/(4/10)?
5
Let b(q) = q**2 - 3*q + 1. Let r be b(3). Let j = r + 0. What is the units digit of j?
1
Let l(j) = 10*j**2 + 13*j - 33. What is the tens digit of l(5)?
8
Let b = 13 + -3. Let a = b - 22. Let y = a - -20. What is the units digit of y?
8
Let l(m) = -18*m**3 - 2*m - 1. Let b = 2 - 3. What is the tens digit of l(b)?
1
What is the units digit of 48/10 - 4/(-20)?
5
Let d(s) = -s**2 + 7*s - 1. Suppose -31 = -5*i - 1. What is the units digit of d(i)?
5
Let n(o) = 32*o**2 + 3*o**2 + 2*o + 6 - 5. What is the units digit of n(-1)?
4
Let l be (-9)/5*20/(-6). Suppose -6 = 2*q, 2*q + l = -2*m + 16. Suppose 4*s - 2*o - 3*o + m = 0, o = -2*s + 10. What is the units digit of s?
3
What is the tens digit of (-2)/4 + (-46)/(-4)?
1
Let d(b) = 13*b**2 + 21*b + 21. Let h(v) = 3*v**2 + 5*v + 5. Let x(y) = -2*d(y) + 9*h(y). Let f be x(-2). What is the units digit of 12*(2 + f/(-3))?
0
Suppose -5*p + 27 = -2*p. Suppose -2*r - p + 79 = 0. What is the tens digit of r?
3
Let z be (-2 + 8/5)*-10. Suppose d + 1 = w - 3, z*d - 8 = -2*w. Suppose -6 + 0 = -2*v + w*x, -5*v = -5*x - 10. What is the units digit of v?
1
Let x(m) be the third derivative of m**6/144 + m**5/120 + m**4/24 - 2*m**2. Let k(f) be the second derivative of x(f). What is the units digit of k(1)?
6
Let s = -56 + 283. What is the tens digit of s?
2
Let m be (-5)/10 + 17/(-2). What is the tens digit of (42/10)/(m/(-45))?
2
Let w be 1/3 - (-22)/6. Suppose 0 = -3*i - 3*p - 18, -3*i + 4*p + w = -6. What is the units digit of i/(-9) - 28/(-36)?
1
Suppose -x - 2*y = -52, -3*x = y + 2*y - 165. What is the units digit of x?
8
Suppose y + 6 = 5*i + 1, -2*y = -5*i. Let n(t) = -t**2 + 5*t + 5. What is the units digit of n(y)?
5
Let d(z) = -z + 17. Let r be d(11). Let c = 10 - r. Suppose -c*x + 12 + 55 = b, -4*x - 5*b + 63 = 0. What is the tens digit of x?
1
Let q(d) = -5*d + 1. What is the tens digit of q(-3)?
1
Let f be (5 - 5)/(2/(-2)). Suppose f*x = x - 11. What is the tens digit of x?
1
Let i = -23 - -47. What is the units digit of i?
4
Suppose 0 = -3*i + 3*b + 237, 3*i + 0*i = -4*b + 223. What is the units digit of i?
7
Let p = -13 + 18. Suppose 2*m + 35 = p. What is the units digit of ((-10)/m)/(1/9)?
6
Suppose -3*y - 79 = -2*c + 61, 0 = 5*c - 3*y - 341. Suppose -5*v + 8 = -c. What is the tens digit of v?
1
Let v(g) = -g**2 + 5*g + 8. Let r be v(7). Let n be r/4*(-8)/3. Suppose -5*q - 32 - n = -a, -3*q + 40 = 5*a. What is the tens digit of a?
1
Suppose 4*l - l - 18 = 0. Suppose -4*b + 20 = 0, 5*u + b = l*b + 35. What is the units digit of u?
2
What is the tens digit of -3 + (-1 + 35)/2?
1
Suppose 3*g - 8 = -g. Suppose -g*u - t = 4*t - 8, u + 5*t - 4 = 0. What is the units digit of 4/(0 + u/2)?
2
What is the units digit of 372/16 - (-3)/(-12)?
3
Let z(a) = 4*a + 8. Let j be z(-9). Let v be (j/35)/(2/(-5)). Suppose -s - 3*r = -r - 15, -v*s + 32 = 3*r. What is the units digit of s?
9
Suppose 3*d - 3 = 0, 3*y + 0*y - 162 = 3*d. What is the tens digit of y?
5
Let z = -1 + 6. Suppose z*h - 5*o - 39 = 56, h + 4*o - 14 = 0. Suppose -i + 3*c + 18 = i, 2*i - c - h = 0. What is the units digit of i?
9
Let p(v) = -v + 4. Let o be ((-2)/3)/2*-45. Suppose 0 = -3*c - o, 0*c + 2*c + 16 = -2*z. What is the units digit of p(z)?
7
Suppose 5*c = 3*g - 129, 4*g - 22 = -5*c + 185. What is the tens digit of g?
4
Suppose m = 4*m. Suppose d = -m*d + 21. What is the tens digit of d?
2
Suppose 3*s = 5*m - 0*m - 65, 3*s = -5*m - 115. Let p = 61 + s. What is the units digit of p?
1
Let m(h) = -h**3 + 4*h**2 + 2*h - 2. Let a be m(2). Suppose 4*j + j - a = 0. What is the units digit of j?
2
Let t(o) be the second derivative of 0 - 3/2*o**2 + 1/6*o**3 + 2*o. What is the units digit of t(5)?
2
Suppose -p + 5*q = -10, -3*p - 2 = p + q. What is the units digit of p + 2 - 4 - -7?
5
Let r(g) be the second derivative of g**4/24 + 2*g**3/3 + g**2 - 2*g. Let m(h) be the first derivative of r(h). What is the units digit of m(5)?
9
Let c(b) = b**3 - 5*b**2 - b + 7. Let i be c(5). Let r be (-2 - (4 + -2)) + i. Let x = 3 - r. What is the units digit of x?
5
Let q(a) = a + 1. Let i be q(-2). What is the units digit of (10 - i) + 9/3?
4
Let o(j) = -j**2 + j + 23. What is the tens digit of o(0)?
2
Let f(o) be the third derivative of -o**4/24 + 8*o**3/3 - 6*o**2. What is the units digit of f(11)?
5
Let d(o) = 2*o**2 + 2*o - 3. Let x be d(-4). Let i = 11 + x. What is the tens digit of i?
3
What is the tens digit of (-12)/(-3) + -6 + 41?
3
Let r(z) = z**3 - 9*z**2 + 6. Let x be r(9). Let l be (-4)/x + 42/9. Suppose 0 = h - 5*s + l + 6, 22 = 3*h - 2*s. What is the units digit of h?
0
Let i(f) be the second derivative of -1/12*f**4 - f + 0 - 5/6*f**3 + 1/2*f**2. What is the units digit of i(-5)?
1
Suppose t = 4*h + 65, -h + 5*t - 4 + 2 = 0. Let k = h - -10. Let l = k + 22. What is the units digit of l?
5
Let m be 8/10*(1 + 4). What is the units digit of m/(-34) - (-121)/17?
7
Suppose y = -7*y + 360. What is the units digit of y?
5
What is the tens digit of (-3)/(-2)*104/6?
2
Let u be (1 - 1) + 1 + 1. Suppose 3*i = -b - 0*i, 12 = u*b + 2*i. What is the units digit of b?
9
What is the units digit of 3 - (297/(-3) + -1 + 4)?
9
Let j be (-1)/2 + 114/4. Let x = -14 + j. What is the units digit of x?
4
Let x(v) = 4*v + 2. Let q be x(-2). Let l = 0 - q. What is the units digit of (2/l)/((-1)/(-27))?
9
Suppose -5*q - 58 = -d, 3*d - 4*q - 72 = 58. What is the units digit of d?
8
Let c(u) = -4*u + u + 3*u + 2 - u. Let w be c(0). What is the units digit of (w + (-4)/14)*7?
2
Suppose -5*u - 40 = -5*h, 2*u + 2*h + 16 = -3*h. Let c be u + 5 + 42/2. Suppose -z + c = t, -4*t = t - 5*z - 60. What is the units digit of t?
5
Let t(d) = -6*d + 2. Let b(w) = -6*w + 3. Let m(g) = -6*b(g) + 5*t(g). What is the units digit of m(4)?
6
Suppose 4*z = -2*c + 756, z = 6*z + 5*c - 940. What is the tens digit of z?
9
Let i = 65 + -19. What is the units digit of i?
6
Suppose 3*o - 245 = -3*x - 2*x, -196 = -4*x + 5*o. What is the tens digit of x?
4
Let f = -7 + 11. Suppose 0 = f*d - 16 - 36. Suppose -d = 2*h - 29. What is the units digit of h?
8
Let c = -2 - 8. Let y = -6 - c. What is the units digit of y?
4
Suppose -1